[INFO] cloning repository https://github.com/Ragusaen/cellular_evolution
[INFO] running `Command { std: "git" "-c" "credential.helper=" "-c" "credential.helper=/workspace/cargo-home/bin/git-credential-null" "clone" "--bare" "https://github.com/Ragusaen/cellular_evolution" "/workspace/cache/git-repos/https%3A%2F%2Fgithub.com%2FRagusaen%2Fcellular_evolution", kill_on_drop: false }`
[INFO] [stderr] Cloning into bare repository '/workspace/cache/git-repos/https%3A%2F%2Fgithub.com%2FRagusaen%2Fcellular_evolution'...
[INFO] running `Command { std: "git" "rev-parse" "HEAD", kill_on_drop: false }`
[INFO] [stdout] 2c1069141213df9de15abde23712493ffa96fa02
[INFO] checking Ragusaen/cellular_evolution against try#72f88fc4e9458f89516a0b8b0868f3718aec5b47 for pr-74989
[INFO] running `Command { std: "git" "clone" "/workspace/cache/git-repos/https%3A%2F%2Fgithub.com%2FRagusaen%2Fcellular_evolution" "/workspace/builds/worker-2/source", kill_on_drop: false }`
[INFO] [stderr] Cloning into '/workspace/builds/worker-2/source'...
[INFO] [stderr] done.
[INFO] validating manifest of git repo https://github.com/Ragusaen/cellular_evolution on toolchain 72f88fc4e9458f89516a0b8b0868f3718aec5b47
[INFO] running `Command { std: "/workspace/cargo-home/bin/cargo" "+72f88fc4e9458f89516a0b8b0868f3718aec5b47" "read-manifest" "--manifest-path" "Cargo.toml", kill_on_drop: false }`
[INFO] started tweaking git repo https://github.com/Ragusaen/cellular_evolution
[INFO] finished tweaking git repo https://github.com/Ragusaen/cellular_evolution
[INFO] tweaked toml for git repo https://github.com/Ragusaen/cellular_evolution written to /workspace/builds/worker-2/source/Cargo.toml
[INFO] crate git repo https://github.com/Ragusaen/cellular_evolution already has a lockfile, it will not be regenerated
[INFO] running `Command { std: "/workspace/cargo-home/bin/cargo" "+72f88fc4e9458f89516a0b8b0868f3718aec5b47" "fetch" "--locked" "--manifest-path" "Cargo.toml", kill_on_drop: false }`
[INFO] [stderr]     Blocking waiting for file lock on package cache
[INFO] running `Command { std: "docker" "create" "-v" "/var/lib/crater-agent-workspace/builds/worker-2/target:/opt/rustwide/target:rw,Z" "-v" "/var/lib/crater-agent-workspace/builds/worker-2/source:/opt/rustwide/workdir:ro,Z" "-v" "/var/lib/crater-agent-workspace/cargo-home:/opt/rustwide/cargo-home:ro,Z" "-v" "/var/lib/crater-agent-workspace/rustup-home:/opt/rustwide/rustup-home:ro,Z" "-e" "SOURCE_DIR=/opt/rustwide/workdir" "-e" "CARGO_TARGET_DIR=/opt/rustwide/target" "-e" "CARGO_HOME=/opt/rustwide/cargo-home" "-e" "RUSTUP_HOME=/opt/rustwide/rustup-home" "-w" "/opt/rustwide/workdir" "-m" "1610612736" "--user" "0:0" "--network" "none" "rustops/crates-build-env@sha256:d92eaeed33fa75130ca1ee6c8a01d1ffb62bac859dfdfb3450e3e5d1c0146529" "/opt/rustwide/cargo-home/bin/cargo" "+72f88fc4e9458f89516a0b8b0868f3718aec5b47" "metadata" "--no-deps" "--format-version=1", kill_on_drop: false }`
[INFO] [stderr] WARNING: Your kernel does not support swap limit capabilities or the cgroup is not mounted. Memory limited without swap.
[INFO] [stdout] e3ee6a941d4ecc5d6e244977bd738cc2f23e7b587ba05cf6103ab9bd4f932451
[INFO] running `Command { std: "docker" "start" "-a" "e3ee6a941d4ecc5d6e244977bd738cc2f23e7b587ba05cf6103ab9bd4f932451", kill_on_drop: false }`
[INFO] running `Command { std: "docker" "inspect" "e3ee6a941d4ecc5d6e244977bd738cc2f23e7b587ba05cf6103ab9bd4f932451", kill_on_drop: false }`
[INFO] running `Command { std: "docker" "rm" "-f" "e3ee6a941d4ecc5d6e244977bd738cc2f23e7b587ba05cf6103ab9bd4f932451", kill_on_drop: false }`
[INFO] [stdout] e3ee6a941d4ecc5d6e244977bd738cc2f23e7b587ba05cf6103ab9bd4f932451
[INFO] running `Command { std: "docker" "create" "-v" "/var/lib/crater-agent-workspace/builds/worker-2/target:/opt/rustwide/target:rw,Z" "-v" "/var/lib/crater-agent-workspace/builds/worker-2/source:/opt/rustwide/workdir:ro,Z" "-v" "/var/lib/crater-agent-workspace/cargo-home:/opt/rustwide/cargo-home:ro,Z" "-v" "/var/lib/crater-agent-workspace/rustup-home:/opt/rustwide/rustup-home:ro,Z" "-e" "SOURCE_DIR=/opt/rustwide/workdir" "-e" "CARGO_TARGET_DIR=/opt/rustwide/target" "-e" "CARGO_INCREMENTAL=0" "-e" "RUST_BACKTRACE=full" "-e" "RUSTFLAGS=--cap-lints=forbid" "-e" "CARGO_HOME=/opt/rustwide/cargo-home" "-e" "RUSTUP_HOME=/opt/rustwide/rustup-home" "-w" "/opt/rustwide/workdir" "-m" "1610612736" "--user" "0:0" "--network" "none" "rustops/crates-build-env@sha256:d92eaeed33fa75130ca1ee6c8a01d1ffb62bac859dfdfb3450e3e5d1c0146529" "/opt/rustwide/cargo-home/bin/cargo" "+72f88fc4e9458f89516a0b8b0868f3718aec5b47" "check" "--frozen" "--all" "--all-targets" "--message-format=json", kill_on_drop: false }`
[INFO] [stdout] 05979ec98dbf25f895820d9dbc6c809eeb6a753cb9fa0b42c649c3457f0c5b01
[INFO] [stderr] WARNING: Your kernel does not support swap limit capabilities or the cgroup is not mounted. Memory limited without swap.
[INFO] running `Command { std: "docker" "start" "-a" "05979ec98dbf25f895820d9dbc6c809eeb6a753cb9fa0b42c649c3457f0c5b01", kill_on_drop: false }`
[INFO] [stderr]     Blocking waiting for file lock on package cache
[INFO] [stderr]    Compiling sfml-build v0.2.0
[INFO] [stderr]     Checking cfg-if v0.1.9
[INFO] [stderr]     Checking lazy_static v1.4.0
[INFO] [stderr]    Compiling num-traits v0.2.8
[INFO] [stderr]    Compiling num-bigint v0.2.3
[INFO] [stderr]    Compiling num-rational v0.2.2
[INFO] [stderr]    Compiling num-iter v0.1.39
[INFO] [stderr]    Compiling num-complex v0.2.3
[INFO] [stderr]     Checking getrandom v0.1.12
[INFO] [stderr]     Checking c2-chacha v0.2.2
[INFO] [stderr]    Compiling csfml-system-sys v0.4.0
[INFO] [stderr]    Compiling csfml-window-sys v0.4.0
[INFO] [stderr]    Compiling csfml-audio-sys v0.4.0
[INFO] [stderr]    Compiling csfml-graphics-sys v0.4.0
[INFO] [stderr]     Checking rand_core v0.5.1
[INFO] [stderr]     Checking rand_chacha v0.2.1
[INFO] [stderr]     Checking rand v0.7.0
[INFO] [stderr]     Checking sfml v0.14.0
[INFO] [stderr]     Checking num-integer v0.1.41
[INFO] [stderr]     Checking num v0.2.0
[INFO] [stderr]     Checking cellular_evolution v0.1.0 (/opt/rustwide/workdir)
[INFO] [stdout] error: expected identifier, found `1.0`
[INFO] [stdout]  --> src/main.rs:7:27
[INFO] [stdout]   |
[INFO] [stdout] 7 |     let vec1 = Vector2f { 1.0, 5.0 };
[INFO] [stdout]   |                --------   ^^^ expected identifier
[INFO] [stdout]   |                |
[INFO] [stdout]   |                while parsing this struct
[INFO] [stdout] 
[INFO] [stdout] 
[INFO] [stdout] error: expected identifier, found `5.0`
[INFO] [stdout]  --> src/main.rs:7:32
[INFO] [stdout]   |
[INFO] [stdout] 7 |     let vec1 = Vector2f { 1.0, 5.0 };
[INFO] [stdout]   |                --------        ^^^ expected identifier
[INFO] [stdout]   |                |
[INFO] [stdout]   |                while parsing this struct
[INFO] [stdout] 
[INFO] [stdout] 
[INFO] [stdout] error: expected identifier, found `3.0`
[INFO] [stdout]  --> src/main.rs:8:27
[INFO] [stdout]   |
[INFO] [stdout] 8 |     let vec2 = Vector2f { 3.0, -2.0 };
[INFO] [stdout]   |                --------   ^^^ expected identifier
[INFO] [stdout]   |                |
[INFO] [stdout]   |                while parsing this struct
[INFO] [stdout] 
[INFO] [stdout] 
[INFO] [stdout] error: expected identifier, found `-`
[INFO] [stdout]  --> src/main.rs:8:32
[INFO] [stdout]   |
[INFO] [stdout] 8 |     let vec2 = Vector2f { 3.0, -2.0 };
[INFO] [stdout]   |                --------        ^ expected identifier
[INFO] [stdout]   |                |
[INFO] [stdout]   |                while parsing this struct
[INFO] [stdout] 
[INFO] [stdout] 
[INFO] [stdout] error: `mut` must be followed by a named binding
[INFO] [stdout]   --> src/simulation/cell.rs:15:20
[INFO] [stdout]    |
[INFO] [stdout] 15 |     fn moveTowards(mut &self, target: Vector2f) {
[INFO] [stdout]    |                    ^^^^^^^^^ help: remove the `mut` prefix: `&self`
[INFO] [stdout]    |
[INFO] [stdout]    = note: `mut` may be followed by `variable` and `variable @ pattern`
[INFO] [stdout] 
[INFO] [stdout] 
[INFO] [stdout] error: expected one of `!`, `(`, `...`, `..=`, `..`, `::`, `:`, `{`, or `|`, found `,`
[INFO] [stdout]   --> src/simulation/cell.rs:15:29
[INFO] [stdout]    |
[INFO] [stdout] 15 |     fn moveTowards(mut &self, target: Vector2f) {
[INFO] [stdout]    |                             ^ expected one of 9 possible tokens
[INFO] [stdout] 
[INFO] [stdout] 
[INFO] [stdout] error[E0583]: file not found for module `gene`
[INFO] [stdout]  --> src/simulation/mod.rs:4:1
[INFO] [stdout]   |
[INFO] [stdout] 4 | mod gene;
[INFO] [stdout]   | ^^^^^^^^^
[INFO] [stdout]   |
[INFO] [stdout]   = help: to create the module `gene`, create file "src/simulation/gene.rs"
[INFO] [stdout] 
[INFO] [stdout] 
[INFO] [stdout] error[E0583]: file not found for module `math`
[INFO] [stdout]  --> src/main.rs:2:1
[INFO] [stdout]   |
[INFO] [stdout] 2 | mod math;
[INFO] [stdout]   | ^^^^^^^^^
[INFO] [stdout]   |
[INFO] [stdout]   = help: to create the module `math`, create file "src/math.rs"
[INFO] [stdout] 
[INFO] [stdout] 
[INFO] [stdout] error: expected identifier, found `1.0`
[INFO] [stdout]  --> src/main.rs:7:27
[INFO] [stdout]   |
[INFO] [stdout] 7 |     let vec1 = Vector2f { 1.0, 5.0 };
[INFO] [stdout]   |                --------   ^^^ expected identifier
[INFO] [stdout]   |                |
[INFO] [stdout]   |                while parsing this struct
[INFO] [stdout] 
[INFO] [stdout] 
[INFO] [stdout] error: expected identifier, found `5.0`
[INFO] [stdout]  --> src/main.rs:7:32
[INFO] [stdout]   |
[INFO] [stdout] 7 |     let vec1 = Vector2f { 1.0, 5.0 };
[INFO] [stdout]   |                --------        ^^^ expected identifier
[INFO] [stdout]   |                |
[INFO] [stdout]   |                while parsing this struct
[INFO] [stdout] 
[INFO] [stdout] 
[INFO] [stdout] error: expected identifier, found `3.0`
[INFO] [stdout]  --> src/main.rs:8:27
[INFO] [stdout]   |
[INFO] [stdout] 8 |     let vec2 = Vector2f { 3.0, -2.0 };
[INFO] [stdout]   |                --------   ^^^ expected identifier
[INFO] [stdout]   |                |
[INFO] [stdout]   |                while parsing this struct
[INFO] [stdout] 
[INFO] [stdout] 
[INFO] [stdout] error: expected identifier, found `-`
[INFO] [stdout]  --> src/main.rs:8:32
[INFO] [stdout]   |
[INFO] [stdout] 8 |     let vec2 = Vector2f { 3.0, -2.0 };
[INFO] [stdout]   |                --------        ^ expected identifier
[INFO] [stdout]   |                |
[INFO] [stdout]   |                while parsing this struct
[INFO] [stdout] 
[INFO] [stdout] 
[INFO] [stdout] error: `mut` must be followed by a named binding
[INFO] [stdout]   --> src/simulation/cell.rs:15:20
[INFO] [stdout]    |
[INFO] [stdout] 15 |     fn moveTowards(mut &self, target: Vector2f) {
[INFO] [stdout]    |                    ^^^^^^^^^ help: remove the `mut` prefix: `&self`
[INFO] [stdout]    |
[INFO] [stdout]    = note: `mut` may be followed by `variable` and `variable @ pattern`
[INFO] [stdout] 
[INFO] [stdout] 
[INFO] [stdout] error: expected one of `!`, `(`, `...`, `..=`, `..`, `::`, `:`, `{`, or `|`, found `,`
[INFO] [stdout]   --> src/simulation/cell.rs:15:29
[INFO] [stdout]    |
[INFO] [stdout] 15 |     fn moveTowards(mut &self, target: Vector2f) {
[INFO] [stdout]    |                             ^ expected one of 9 possible tokens
[INFO] [stdout] 
[INFO] [stdout] 
[INFO] [stdout] error[E0583]: file not found for module `gene`
[INFO] [stdout]  --> src/simulation/mod.rs:4:1
[INFO] [stdout]   |
[INFO] [stdout] 4 | mod gene;
[INFO] [stdout]   | ^^^^^^^^^
[INFO] [stdout]   |
[INFO] [stdout]   = help: to create the module `gene`, create file "src/simulation/gene.rs"
[INFO] [stdout] 
[INFO] [stdout] 
[INFO] [stdout] error[E0583]: file not found for module `math`
[INFO] [stdout]  --> src/main.rs:2:1
[INFO] [stdout]   |
[INFO] [stdout] 2 | mod math;
[INFO] [stdout]   | ^^^^^^^^^
[INFO] [stdout]   |
[INFO] [stdout]   = help: to create the module `math`, create file "src/math.rs"
[INFO] [stdout] 
[INFO] [stdout] 
[INFO] [stdout] error[E0432]: unresolved import `crate::math::Vector2f`
[INFO] [stdout]  --> src/simulation/cell.rs:6:5
[INFO] [stdout]   |
[INFO] [stdout] 6 | use crate::math::Vector2f;
[INFO] [stdout]   |     ^^^^^^^^^^^^^^^^^^^^^ no `Vector2f` in `math`
[INFO] [stdout] 
[INFO] [stdout] 
[INFO] [stdout] error[E0432]: unresolved import `crate::simulation::gene::Gene`
[INFO] [stdout]   --> src/simulation/cell.rs:24:5
[INFO] [stdout]    |
[INFO] [stdout] 24 | use crate::simulation::gene::Gene;
[INFO] [stdout]    |     ^^^^^^^^^^^^^^^^^^^^^^^^^^^^^ no `Gene` in `simulation::gene`
[INFO] [stdout] 
[INFO] [stdout] 
[INFO] [stdout] error[E0432]: unresolved import `crate::math::Vector2f`
[INFO] [stdout]  --> src/simulation/food.rs:1:5
[INFO] [stdout]   |
[INFO] [stdout] 1 | use crate::math::Vector2f;
[INFO] [stdout]   |     ^^^^^^^^^^^^^^^^^^^^^ no `Vector2f` in `math`
[INFO] [stdout] 
[INFO] [stdout] 
[INFO] [stdout] error[E0432]: unresolved import `crate::math::Vector2f`
[INFO] [stdout]  --> src/main.rs:4:5
[INFO] [stdout]   |
[INFO] [stdout] 4 | use crate::math::Vector2f;
[INFO] [stdout]   |     ^^^^^^^^^^^^^^^^^^^^^ no `Vector2f` in `math`
[INFO] [stdout] 
[INFO] [stdout] 
[INFO] [stdout] error[E0432]: unresolved import `crate::math::Vector2f`
[INFO] [stdout]  --> src/simulation/cell.rs:6:5
[INFO] [stdout]   |
[INFO] [stdout] 6 | use crate::math::Vector2f;
[INFO] [stdout]   |     ^^^^^^^^^^^^^^^^^^^^^ no `Vector2f` in `math`
[INFO] [stdout] 
[INFO] [stdout] 
[INFO] [stdout] error[E0432]: unresolved import `crate::simulation::gene::Gene`
[INFO] [stdout]   --> src/simulation/cell.rs:24:5
[INFO] [stdout]    |
[INFO] [stdout] 24 | use crate::simulation::gene::Gene;
[INFO] [stdout]    |     ^^^^^^^^^^^^^^^^^^^^^^^^^^^^^ no `Gene` in `simulation::gene`
[INFO] [stdout] 
[INFO] [stdout] 
[INFO] [stdout] error[E0432]: unresolved import `crate::math::Vector2f`
[INFO] [stdout]  --> src/simulation/food.rs:1:5
[INFO] [stdout]   |
[INFO] [stdout] 1 | use crate::math::Vector2f;
[INFO] [stdout]   |     ^^^^^^^^^^^^^^^^^^^^^ no `Vector2f` in `math`
[INFO] [stdout] 
[INFO] [stdout] 
[INFO] [stdout] error[E0432]: unresolved import `crate::math::Vector2f`
[INFO] [stdout]  --> src/main.rs:4:5
[INFO] [stdout]   |
[INFO] [stdout] 4 | use crate::math::Vector2f;
[INFO] [stdout]   |     ^^^^^^^^^^^^^^^^^^^^^ no `Vector2f` in `math`
[INFO] [stdout] 
[INFO] [stdout] 
[INFO] [stdout] error: aborting due to 12 previous errors
[INFO] [stdout] 
[INFO] [stdout] 
[INFO] [stdout] Some errors have detailed explanations: E0432, E0583.
[INFO] [stdout] 
[INFO] [stdout] For more information about an error, try `rustc --explain E0432`.
[INFO] [stdout] 
[INFO] [stdout] error: aborting due to 12 previous errors
[INFO] [stdout] 
[INFO] [stdout] 
[INFO] [stdout] Some errors have detailed explanations: E0432, E0583.
[INFO] [stdout] 
[INFO] [stdout] For more information about an error, try `rustc --explain E0432`.
[INFO] [stdout] 
[INFO] [stderr] error: could not compile `cellular_evolution`.
[INFO] [stderr] 
[INFO] [stderr] To learn more, run the command again with --verbose.
[INFO] [stderr] warning: build failed, waiting for other jobs to finish...
[INFO] [stderr] error: build failed
[INFO] running `Command { std: "docker" "inspect" "05979ec98dbf25f895820d9dbc6c809eeb6a753cb9fa0b42c649c3457f0c5b01", kill_on_drop: false }`
[INFO] running `Command { std: "docker" "rm" "-f" "05979ec98dbf25f895820d9dbc6c809eeb6a753cb9fa0b42c649c3457f0c5b01", kill_on_drop: false }`
[INFO] [stdout] 05979ec98dbf25f895820d9dbc6c809eeb6a753cb9fa0b42c649c3457f0c5b01
